nd j.
16
Suppose 0 = 2*d - 2*s + 2, 1 + 20 = 3*d + 5*s. Suppose 25 - 19 = d*l. Calculate the greatest common factor of l and 24.
3
Suppose -29*q + 398 = -298. Calculate the highest common factor of 1176 and q.
24
Let a = -78 - -80. Suppose -a*j = 5*g - 246, 71 - 15 = g - 3*j. What is the highest common divisor of 125 and g?
25
Suppose 0 = 2*i - 4*v - 42, -4*i - 99*v + 96*v = -29. What is the greatest common factor of 341 and i?
11
Let g(r) = -r**2 + 27*r + 31. Let k be g(25). What is the greatest common divisor of 36 and k?
9
Let c = -1379 + 1678. Calculate the greatest common divisor of 69 and c.
23
Let g(o) = -o**2 - 33*o - 144. Let n be g(-27). What is the highest common divisor of 882 and n?
18
Let a(z) = -z - 54. Let r be a(-10). Let k = r - -56. Calculate the highest common divisor of 132 and k.
12
Suppose 15*t - 16*t + 3 = 0. Suppose 5*n = -t*f + 118, 32 = f - 5*n - 14. Let g be 7/((-7)/(-80)) + 2. What is the greatest common factor of g and f?
41
Let j = 76 + -10. Let m = -16 + j. Suppose m - 149 = -i. What is the highest common factor of 9 and i?
9
Suppose 6*c - 5 = c. Let p be 4 - (-1)/(c/47). Let v = p - -40. What is the highest common divisor of v and 13?
13
Let w be (-2)/(-3 + 1) - -276. Let g = -537 + w. Let t be (g/(-2) - 3) + 3. Calculate the highest common divisor of t and 26.
26
Suppose -5*u = -4*n + 151, 5*n = 2*u + 93 + 100. What is the greatest common divisor of 143 and n?
13
Let a = -1638 + 1654. Calculate the greatest common divisor of a and 296.
8
Suppose 481*s - 52 = 480*s. Let w = 92 + -14. What is the highest common divisor of w and s?
26
Suppose -31 = 5*q - 41. Suppose -d = 5*v - 86, q*v + 3*d + d = 20. Calculate the greatest common factor of 54 and v.
18
Let v be 0/(-5) + 3/1. Let d be (0 + (-1 - -2))*v. Suppose -d*x - r + 26 = -x, -4*r = -5*x + 91. Calculate the highest common divisor of 30 and x.
15
Let n be (-8)/(-20) + (-2366)/(-35). Calculate the greatest common factor of n and 4.
4
Suppose 0 = 8*b + 25 - 537. Calculate the greatest common divisor of b and 160.
32
Let h = -726 - -743. Calculate the highest common factor of 119 and h.
17
Let l(p) = p**2 - 5*p. Let k be l(5). Suppose k = 4*f + 5*t - 460, -2*f + 0*f + 244 = -t. Suppose -z - 13 = -28. What is the greatest common divisor of f and z?
15
Let y = 1348 - 1315. Suppose 2*o - 55 = -3*o. Calculate the greatest common factor of y and o.
11
Let n(i) = -43*i - 1. Let u be n(-1). Let c be (-9)/(-15) - 69/15. Let h be (-3)/c - 2/(-16)*106. Calculate the highest common factor of u and h.
14
Let u be -2 + 226/6 + (-2)/(-6). What is the highest common factor of u and 9?
9
Suppose -3*g + 5*f = -791, 0 = -3*g + 5*g - 3*f - 529. Calculate the greatest common divisor of g and 34.
34
Let j(n) = -7*n + 36. Let i be j(-17). What is the greatest common factor of 5 and i?
5
Let t = -83 + 105. Suppose 0 = 18*z - t*z + 48. Let x(i) = -15*i. Let p be x(-4). What is the highest common factor of z and p?
12
Let u(q) = -4*q**3 + 16*q**2 + 4*q - 4. Let m be u(4). Let k = 24 - 12. What is the greatest common divisor of k and m?
12
Suppose -b = -3*b + 34. Let f(x) = -x + 20. Let n be f(b). Let q = n + 49. What is the greatest common factor of q and 130?
26
Let d be 3 + 4/((-20)/(-17785)). Calculate the greatest common factor of d and 40.
40
Let k(h) = h**3 - 28*h**2 + 26*h - 18. Let g be k(27). Let i = g + 61. Calculate the greatest common factor of i and 4.
4
Let c = 40 - 38. Let k be (9 - 9) + 4*c. Calculate the greatest common divisor of 88 and k.
8
Suppose -2*m = -5*m + 2*x + 15, 0 = -4*m + 3*x + 19. Let p = -18 - -29. Suppose -p*z = -3*z - 112. What is the highest common factor of z and m?
7
Let o = -5 - -6. Let a = -5 + o. Let y = 16 + a. What is the greatest common factor of y and 12?
12
Suppose 3*u + 0*k - 3*k = 3669, 8*u + 2*k - 9774 = 0. Calculate the greatest common divisor of 188 and u.
94
Let n be ((-496)/3)/2*18/(-12). Suppose 2*q - n = 4*s, -3*q = -4*s - 0*s - 194. Let v be ((-8)/(-10))/(2/35). What is the highest common factor of q and v?
14
Suppose 67*w + 84 = 74*w. Calculate the highest common factor of 66 and w.
6
Let h be (2320/72 - (-4)/(-18))*9. Calculate the highest common factor of 32 and h.
32
Suppose -3*l + 24 = 3*l. Calculate the highest common divisor of l and 62.
2
Let c = 122 + -77. Let l = -13 - -22. Calculate the greatest common divisor of c and l.
9
Let x(k) = 2*k**3 - 3*k**2 + 16*k - 73. Let y be x(5). Calculate the highest common divisor of 14 and y.
14
Suppose 76*k - 69*k = 35. Suppose -365 = -5*g + k*u, 2*g - 5*u + 18 - 149 = 0. What is the greatest common divisor of g and 39?
39
Let t be 1 - (1 - 2 - 138). Suppose 6*p - 3*p - 2*v - 178 = 0, 3*p = -2*v + 182. Let y = t - p. Calculate the highest common factor of y and 16.
16
Suppose -2*w - 132 = -6*w. Suppose -4 - 41 = 3*i. Let d = i + w. What is the highest common factor of d and 9?
9
Let u be (1 - (2 - 2)) + 0. Suppose -u + 11 = 2*q. Calculate the greatest common divisor of q and 45.
5
Suppose 3*w - 201 = -4*x, 3*w - 3*x = -59 + 239. Calculate the highest common factor of 243 and w.
9
Suppose -2*q + 3 + 3 = 0, -2*b + q = -253. What is the greatest common divisor of 56 and b?
8
Suppose -13*o + 10*o + 9 = 0. Suppose 10 = o*l - 4*l. Let q be (-5)/l*4*6. What is the highest common divisor of 8 and q?
4
Let r(i) = 10*i + 1. Let s be r(8). Calculate the greatest common factor of 27 and s.
27
Let n be -1 + 4 - (0 + (-1884)/6). Let q = -100 + n. What is the greatest common divisor of 31 and q?
31
Let d = -9 + 12. Suppose 26 = 2*f + s, -f + 4*s + d = 2*s. Calculate the greatest common factor of f and 22.
11
Let h(n) = 117*n**3 + 2*n**2 + n - 3. Let w be h(1). Calculate the highest common divisor of 9 and w.
9
Suppose 1152 = 43*p + 5*p. Suppose -5*b + 17 = -3*t - 4, -3*t - 18 = -4*b. Calculate the greatest common factor of p and b.
3
Let v = -135 + 286. Let u = v - 83. What is the greatest common divisor of u and 170?
34
Suppose -n - n - 3*j = 17, -4*n = -2*j + 10. Let h be (-3312)/(-21) - n/14. Suppose -5*r = -22 - h. What is the greatest common divisor of r and 9?
9
Suppose -3*y + 444 = -2*y - 5*n, 0 = -3*n + 12. What is the highest common divisor of 29 and y?
29
Suppose 12*n - 13817 = 23815. Calculate the highest common divisor of n and 16.
16
Suppose -4*z - 7 = f, -2*f + 46 = -0*z - 4*z. Let y be ((-1332)/(-10))/(5/(-150)). Let w be y/(-28) - (-6)/21. What is the highest common divisor of w and f?
13
Let c(n) = n**2 - 6*n + 2. Let v be c(7). Let x = 31 - v. Let b be 6/15 - (-108)/5. Calculate the highest common factor of x and b.
22
Let g(n) = -4*n - 1. Let b be g(-1). Suppose b + 7 = 2*r. Let c be r*(1 + 32/4). Calculate the highest common factor of 9 and c.
9
Suppose -3679*b = -3682*b + 66. Calculate the highest common factor of b and 682.
22
Let j = -24 - -20. Let z(c) = c**3 + 2*c**2 + 7*c + 6. Let y be z(j). Let k be 88/9 + (-12)/y. Calculate the greatest common divisor of 15 and k.
5
Suppose -5*y - 5*l + 20 = 0, -3*l = -2*l + 3. Suppose -2*v = -3 - y, -3*q = 3*v - 45. Suppose 36 = 12*u - q*u. Calculate the greatest common factor of 3 and u.
3
Let v = 3016 + -1416. Suppose 6*w = w + v. Calculate the highest common factor of 40 and w.
40
Suppose -y = -2, 17*k - 32 = 13*k - 2*y. What is the greatest common factor of 175 and k?
7
Let o(t) = 2*t**2 + 20*t + 19. Let h be o(-9). Let x be 7/h*4/14. Calculate the greatest common divisor of 18 and x.
2
Let n = -399 + 489. Calculate the highest common divisor of n and 570.
30
Let q = -532 + 692. Calculate the highest common factor of 50 and q.
10
Let p be (-22)/275 + (-2331)/(-75) - -3. What is the greatest common factor of p and 782?
34
Let q(c) = 3*c**2 + 9*c - 30. Let m be q(4). What is the highest common factor of m and 12?
6
Let z(h) = -h**3 - 3*h**2 - 2*h. Let v be z(-2). Suppose v*g = 4*g - 648. What is the greatest common divisor of 18 and g?
18
Let r(g) = 23*g**3 + 5*g**2 - 4*g - 1. Let d be r(2). Calculate the highest common divisor of d and 15.
15
Let z = -95 + 110. What is the greatest common factor of z and 6?
3
Suppose 0 = 3*x + 2*j - 118, 5*j = -5*x + 2*j + 195. Let b = 58 - x. Calculate the highest common divisor of b and 88.
22
Let s be ((-6)/8)/(36/(-32))*12. Let w = -2 + 10. What is the highest common factor of s and w?
8
Let n b